e
Is 8 a factor of 288?
True
Is 12 a factor of 2914?
False
Is 1836 a multiple of 36?
True
Does 11 divide 1012?
True
Is 421 a multiple of 41?
False
Is 60 a multiple of 7?
False
Is 2500 a multiple of 6?
False
Is 385 a multiple of 13?
False
Does 18 divide 1080?
True
Is 14 a factor of 3708?
False
Does 103 divide 3619?
False
Is 9279 a multiple of 179?
False
Is 3198 a multiple of 82?
True
Does 40 divide 2345?
False
Is 94 a multiple of 3?
False
Is 689 a multiple of 4?
False
Is 16 a factor of 384?
True
Is 20 a factor of 21774?
False
Is 466 a multiple of 2?
True
Is 50522 a multiple of 29?
False
Is 122 a factor of 11102?
True
Is 2227 a multiple of 44?
False
Is 44732 a multiple of 212?
True
Does 14 divide 630?
True
Is 4216 a multiple of 8?
True
Does 73 divide 682?
False
Does 13 divide 3585?
False
Is 14 a factor of 2029?
False
Does 3 divide 880?
False
Is 193 a factor of 47864?
True
Is 42 a factor of 752?
False
Does 4 divide 1688?
True
Is 5787 a multiple of 5?
False
Does 5 divide 8882?
False
Is 44 a factor of 28522?
False
Is 371 a multiple of 53?
True
Does 19 divide 7576?
False
Is 11 a factor of 538?
False
Is 17 even?
False
Does 64 divide 3648?
True
Is 8 a factor of 256?
True
Does 229 divide 16735?
False
Is 22 a factor of 52734?
True
Is 14 a factor of 672?
True
Is 83 a factor of 747?
True
Is 17 a factor of 1581?
True
Is 12 a factor of 5233?
False
Is 2 a factor of 134?
True
Is 18 a factor of 2662?
False
Is 11 a factor of 4196?
False
Does 20 divide 358?
False
Does 46 divide 15363?
False
Is 706 a multiple of 19?
False
Is 3978 a multiple of 102?
True
Is 126 a factor of 2809?
False
Is 85 a factor of 56359?
False
Is 34 a factor of 544?
True
Does 2 divide 173?
False
Is 4251 a multiple of 39?
True
Is 12 a factor of 111?
False
Does 97 divide 2425?
True
Is 48 a factor of 3312?
True
Is 1220 a multiple of 61?
True
Does 6 divide 6942?
True
Does 2 divide 4180?
True
Is 13 a factor of 7787?
True
Is 32456 a multiple of 39?
False
Does 22 divide 26704?
False
Is 37 a factor of 1053?
False
Is 24 a factor of 168816?
True
Does 16 divide 2416?
True
Does 48 divide 1762?
False
Does 7 divide 4413?
False
Is 8 a factor of 10480?
True
Is 23 a factor of 152?
False
Is 19 a factor of 702?
False
Is 9 a factor of 3454?
False
Is 33906 a multiple of 122?
False
Is 2 a factor of 445?
False
Does 145 divide 4350?
True
Is 2 a factor of 9?
False
Is 115 a factor of 3335?
True
Is 15 a factor of 660?
True
Does 23 divide 3223?
False
Is 2477 a multiple of 19?
False
Does 44 divide 924?
True
Is 181 a factor of 25521?
True
Is 3804 a multiple of 71?
False
Does 94 divide 2909?
False
Is 664 a multiple of 22?
False
Is 64827 a multiple of 9?
True
Is 58 a factor of 232?
True
Is 440 a multiple of 4?
True
Is 45 a multiple of 30?
False
Is 21 a factor of 378?
True
Is 3011 a multiple of 75?
False
Does 22 divide 54?
False
Is 18 a factor of 20033?
False
Does 20 divide 213?
False
Is 7 a factor of 280?
True
Is 9337 a multiple of 38?
False
Does 19 divide 26581?
True
Does 146 divide 5866?
False
Is 19 a factor of 1464?
False
Is 115 a factor of 65895?
True
Is 8 a factor of 6345?
False
Does 5 divide 60?
True
Does 176 divide 13024?
True
Does 74 divide 9102?
True
Does 149 divide 26293?
False
Is 8 a factor of 23946?
False
Is 136 a multiple of 17?
True
Is 7 a factor of 72?
False
Is 28 a factor of 1849?
False
Is 9 a factor of 147?
False
Is 48 a factor of 19344?
True
Is 67 a factor of 677?
False
Is 182 a multiple of 10?
False
Does 61 divide 732?
True
Is 5304 a multiple of 26?
True
Is 28 a factor of 687?
False
Is 4929 a multiple of 88?
False
Is 169 a factor of 2366?
True
Does 15 divide 10080?
True
Does 32 divide 160?
True
Is 5 a factor of 1693?
False
Does 139 divide 14039?
True
Is 41 a factor of 46658?
True
Is 1710 a multiple of 57?
True
Does 9 divide 72?
True
Does 11 divide 2453?
True
Does 7 divide 14539?
True
Does 44 divide 68960?
False
Is 11 a factor of 4006?
False
Is 110 a multiple of 22?
True
Does 8 divide 192?
True
Is 4 a factor of 776?
True
Does 12 divide 3360?
True
Is 49 a factor of 13211?
False
Does 84 divide 6188?
False
Is 2 a factor of 116?
True
Is 67 a multiple of 5?
False
Does 21 divide 609?
True
Is 33 a factor of 8019?
True
Is 6573 a multiple of 3?
True
Is 16102 a multiple of 83?
True
Is 246 a factor of 70356?
True
Is 163 a factor of 14833?
True
Is 92 a factor of 6112?
False
Is 58 a factor of 174?
True
Is 28 a factor of 42560?
True
Does 19 divide 1582?
False
Is 1986 a multiple of 17?
False
Is 214 a factor of 33170?
True
Does 76 divide 2584?
True
Is 27 a factor of 2649?
False
Does 12 divide 6288?
True
Is 1737 a multiple of 9?
True
Is 12 a factor of 6432?
True
Is 1893 a multiple of 5?
False
Does 14 divide 2086?
True
Is 145 a factor of 15202?
False
Is 10 a factor of 65?
False
Is 27 a factor of 839?
False
Is 1061 a multiple of 3?
False
Does 15 divide 38265?
True
Is 21 a factor of 420?
True
Is 12 a factor of 1836?
True
Is 10569 a multiple of 7?
False
Is 44 a factor of 12655?
False
Does 3 divide 368?
False
Does 46 divide 4723?
False
Is 440 a multiple of 16?
False
Does 50 divide 2237?
False
Is 14 a factor of 144?
False
Is 21 a factor of 5754?
True
Is 5 a factor of 495?
True
Is 2145 a multiple of 119?
False
Is 7 a factor of 20034?
True
Does 21 divide 26289?
False
Is 22 a factor of 1012?
True
Is 28 a factor of 382?
False
Is 17 a factor of 99620?
True
Does 229 divide 6579?
False
Does 17 divide 309?
False
Is 391 a multiple of 23?
True
Does 27 divide 1197?
False
Is 40 a factor of 1931?
False
Is 239 a multiple of 69?
False
Is 23 a multiple of 3?
False
Is 297 a factor of 17444?
False
Is 2677 a multiple of 3?
False
Is 51282 a multiple of 42?
True
Is 11 a factor of 242?
True
Is 16 a factor of 240?
True
Is 24 a factor of 5586?
False
Is 76 a multiple of 14?
False
Is 85 a factor of 1692?
False
Does 74 divide 555?
False
Is 26181 a multiple of 201?
False
Is 97 a factor of 15758?
False
Does 18 divide 89246?
False
Does 18 divide 32303?
False
Does 41 divide 469?
False
Is 9 a factor of 44187?
False
Does 57 divide 741?
True
Does 21 divide 159?
False
Is 79 a factor of 814?
False
Is 9816 a multiple of 12?
True
Is 11 a factor of 25817?
True
Does 25 divide 655?
False
Is 6012 a multiple of 5?
False
Is 35 a factor of 3514?
False
Is 1361 a multiple of 13?
False
Is 28 a factor of 3481?
False
Does 3 divide 7027?
False
Does 13 divide 742?
False
Is 3 a factor of 1721?
False
Does 8 divide 24?
True
Is 34 a multiple of 2?
True
Is 192 a multiple of 16?
True
Is 1736 a multiple of 56?
True
Does 11 divide 8954?
True
Does 2 divide 5?
False
Is 562 a multiple of 7?
False
Is 20 a factor of 260?
True
Does 3 divide 78?
True
Is 864 a multiple of 8?
True
Is 6 a factor of 45736?
False
Is 16128 a multiple of 16?
True
Does 5 divide 83?
False
Is 6821 a multiple of 151?
False
Is 28 a factor of 6054?
False
Does 51 divide 1632?
True
Is 26 a factor of 1430?
True
Does 44 divide 1276?
True
Does 68 divide 1465?
False
Is 36341 a multiple of 71?
False
Is 2788 a multiple of 41?
True
Is 100 a factor of 314?
False
Is 8325 a multiple of 45?
True
Is 4526 a multiple of 25?
False
Is 375 a multiple of 3?
True
Does 13 divide 1014?
True
Is 30 a factor of 120?
True
Is 120 a multiple of 30?
True
Does 51 divide 16626?
True
Is 3408 a multiple of 8?
True
Does 22 divide 32120?
True
Does 87 divide 1218?
True
Does 22 divide 3014?
True
Does 13 divide 629?
False
Is 2 a factor of 1870?
True
Does 97 divide 485?
True
Is 7 a factor of 3318?
True
Does 6 divide 888?
True
Does 16 divide 528?
True
Is 3184 a multiple of 15?
False
Is 25 a factor of 3500?
True
Is 20 a factor of 620?
True
Does 18 divide 720?
True
Is 15 a factor of 885?
True
Is 1646 a multiple of 6?
False
Does 37 divide 838?
False
Does 7 divide 35?
True
Is 74172 a multiple of 42?
True
Does 18 divide 18?
True
Is 16316 a multiple of 4?
True
Is 10 a factor of 920?
True
Is 53 a factor of 1261?
False
Is 126 a multiple of 13?
False
Does 3 divide 15?
True
Is 135 a multiple of 15?
True
Is 4 a factor of 948?
True
Is 11535 a multiple of 15?
True
Is 30 a factor of 1573?
False
Does 21 divide 2394?
True
Is 5 a factor of 145?
True
Is 160 a multiple of 8?
True
Is 1759 a multiple of 24?
False
Is 11 a factor of 1815?
True
Does 88 divide 3393?
False
Is 68 a factor of 21828?
True
Is 2737 a multiple of 17?
True
Is 21 a factor of 771?
False
Does 5 divide 40?
True
